{"id":729,"date":"2023-08-13T22:18:12","date_gmt":"2023-08-13T22:18:12","guid":{"rendered":"https:\/\/roj-union.com\/?page_id=729"},"modified":"2023-08-13T22:19:49","modified_gmt":"2023-08-13T22:19:49","slug":"elementor-729","status":"publish","type":"page","link":"https:\/\/roj-union.com\/index.php\/elementor-729\/","title":{"rendered":"Hochschule und Uni"},"content":{"rendered":"\t\t<div data-elementor-type=\"wp-page\" data-elementor-id=\"729\" class=\"elementor elementor-729\">\n\t\t\t\t\t\t\t\t\t<section class=\"elementor-section elementor-top-section elementor-element elementor-element-de35228 elementor-section-height-min-height elementor-section-boxed elementor-section-height-default elementor-section-items-middle\" data-id=\"de35228\" data-element_type=\"section\">\n\t\t\t\t\t\t\t<div class=\"elementor-background-overlay\"><\/div>\n\t\t\t\t\t\t\t<div class=\"elementor-container elementor-column-gap-default\">\n\t\t\t\t\t<div class=\"elementor-column elementor-col-100 elementor-top-column elementor-element elementor-element-31b4f42\" data-id=\"31b4f42\" data-element_type=\"column\" data-settings=\"{&quot;background_background&quot;:&quot;classic&quot;}\">\n\t\t\t<div class=\"elementor-widget-wrap elementor-element-populated\">\n\t\t\t\t\t\t\t\t<div class=\"elementor-element elementor-element-8b2c1cc elementor-invisible elementor-widget elementor-widget-heading\" data-id=\"8b2c1cc\" data-element_type=\"widget\" data-settings=\"{&quot;_animation&quot;:&quot;fadeIn&quot;}\" data-widget_type=\"heading.default\">\n\t\t\t\t<div class=\"elementor-widget-container\">\n\t\t\t<style>\/*! elementor - v3.18.0 - 08-12-2023 *\/\n.elementor-heading-title{padding:0;margin:0;line-height:1}.elementor-widget-heading .elementor-heading-title[class*=elementor-size-]>a{color:inherit;font-size:inherit;line-height:inherit}.elementor-widget-heading .elementor-heading-title.elementor-size-small{font-size:15px}.elementor-widget-heading .elementor-heading-title.elementor-size-medium{font-size:19px}.elementor-widget-heading .elementor-heading-title.elementor-size-large{font-size:29px}.elementor-widget-heading .elementor-heading-title.elementor-size-xl{font-size:39px}.elementor-widget-heading .elementor-heading-title.elementor-size-xxl{font-size:59px}<\/style><h1 class=\"elementor-heading-title elementor-size-default\">Studium<\/h1>\t\t<\/div>\n\t\t\t\t<\/div>\n\t\t\t\t\t<\/div>\n\t\t<\/div>\n\t\t\t\t\t\t\t<\/div>\n\t\t<\/section>\n\t\t\t\t<section class=\"elementor-section elementor-top-section elementor-element elementor-element-dd58f3c elementor-section-stretched elementor-section-boxed elementor-section-height-default elementor-section-height-default\" data-id=\"dd58f3c\" data-element_type=\"section\" data-settings=\"{&quot;stretch_section&quot;:&quot;section-stretched&quot;,&quot;background_background&quot;:&quot;classic&quot;}\">\n\t\t\t\t\t\t<div class=\"elementor-container elementor-column-gap-default\">\n\t\t\t\t\t<div class=\"elementor-column elementor-col-100 elementor-top-column elementor-element elementor-element-7cd0f3b\" data-id=\"7cd0f3b\" data-element_type=\"column\">\n\t\t\t<div class=\"elementor-widget-wrap elementor-element-populated\">\n\t\t\t\t\t\t\t\t<div class=\"elementor-element elementor-element-3836513 elementor-widget elementor-widget-spacer\" data-id=\"3836513\" data-element_type=\"widget\" data-widget_type=\"spacer.default\">\n\t\t\t\t<div class=\"elementor-widget-container\">\n\t\t\t<style>\/*! elementor - v3.18.0 - 08-12-2023 *\/\n.elementor-column .elementor-spacer-inner{height:var(--spacer-size)}.e-con{--container-widget-width:100%}.e-con-inner>.elementor-widget-spacer,.e-con>.elementor-widget-spacer{width:var(--container-widget-width,var(--spacer-size));--align-self:var(--container-widget-align-self,initial);--flex-shrink:0}.e-con-inner>.elementor-widget-spacer>.elementor-widget-container,.e-con>.elementor-widget-spacer>.elementor-widget-container{height:100%;width:100%}.e-con-inner>.elementor-widget-spacer>.elementor-widget-container>.elementor-spacer,.e-con>.elementor-widget-spacer>.elementor-widget-container>.elementor-spacer{height:100%}.e-con-inner>.elementor-widget-spacer>.elementor-widget-container>.elementor-spacer>.elementor-spacer-inner,.e-con>.elementor-widget-spacer>.elementor-widget-container>.elementor-spacer>.elementor-spacer-inner{height:var(--container-widget-height,var(--spacer-size))}.e-con-inner>.elementor-widget-spacer.elementor-widget-empty,.e-con>.elementor-widget-spacer.elementor-widget-empty{position:relative;min-height:22px;min-width:22px}.e-con-inner>.elementor-widget-spacer.elementor-widget-empty .elementor-widget-empty-icon,.e-con>.elementor-widget-spacer.elementor-widget-empty .elementor-widget-empty-icon{position:absolute;top:0;bottom:0;left:0;right:0;margin:auto;padding:0;width:22px;height:22px}<\/style>\t\t<div class=\"elementor-spacer\">\n\t\t\t<div class=\"elementor-spacer-inner\"><\/div>\n\t\t<\/div>\n\t\t\t\t<\/div>\n\t\t\t\t<\/div>\n\t\t\t\t<div class=\"elementor-element elementor-element-313f8ee animated-fast elementor-invisible elementor-widget elementor-widget-heading\" data-id=\"313f8ee\" data-element_type=\"widget\" data-settings=\"{&quot;_animation&quot;:&quot;slideInUp&quot;}\" data-widget_type=\"heading.default\">\n\t\t\t\t<div class=\"elementor-widget-container\">\n\t\t\t<h3 class=\"elementor-heading-title elementor-size-default\">Hochschulen und Universit\u00e4ten<\/h3>\t\t<\/div>\n\t\t\t\t<\/div>\n\t\t\t\t<div class=\"elementor-element elementor-element-8609b11 elementor-widget elementor-widget-text-editor\" data-id=\"8609b11\" data-element_type=\"widget\" data-widget_type=\"text-editor.default\">\n\t\t\t\t<div class=\"elementor-widget-container\">\n\t\t\t<style>\/*! elementor - v3.18.0 - 08-12-2023 *\/\n.elementor-widget-text-editor.elementor-drop-cap-view-stacked .elementor-drop-cap{background-color:#69727d;color:#fff}.elementor-widget-text-editor.elementor-drop-cap-view-framed .elementor-drop-cap{color:#69727d;border:3px solid;background-color:transparent}.elementor-widget-text-editor:not(.elementor-drop-cap-view-default) .elementor-drop-cap{margin-top:8px}.elementor-widget-text-editor:not(.elementor-drop-cap-view-default) .elementor-drop-cap-letter{width:1em;height:1em}.elementor-widget-text-editor .elementor-drop-cap{float:left;text-align:center;line-height:1;font-size:50px}.elementor-widget-text-editor .elementor-drop-cap-letter{display:inline-block}<\/style>\t\t\t\t\t\t\t\t\t\t<\/div>\n\t\t\t\t<\/div>\n\t\t\t\t\t<\/div>\n\t\t<\/div>\n\t\t\t\t\t\t\t<\/div>\n\t\t<\/section>\n\t\t\t\t<section class=\"elementor-section elementor-top-section elementor-element elementor-element-2f825c8 elementor-section-boxed elementor-section-height-default elementor-section-height-default\" data-id=\"2f825c8\" data-element_type=\"section\" data-settings=\"{&quot;background_background&quot;:&quot;classic&quot;}\">\n\t\t\t\t\t\t<div class=\"elementor-container elementor-column-gap-default\">\n\t\t\t\t\t<div class=\"elementor-column elementor-col-100 elementor-top-column elementor-element elementor-element-34e7b39\" data-id=\"34e7b39\" data-element_type=\"column\">\n\t\t\t<div class=\"elementor-widget-wrap elementor-element-populated\">\n\t\t\t\t\t\t\t\t<section class=\"elementor-section elementor-inner-section elementor-element elementor-element-36c6c05 elementor-section-boxed elementor-section-height-default elementor-section-height-default\" data-id=\"36c6c05\" data-element_type=\"section\">\n\t\t\t\t\t\t<div class=\"elementor-container elementor-column-gap-default\">\n\t\t\t\t\t<div class=\"elementor-column elementor-col-50 elementor-inner-column elementor-element elementor-element-4474a88\" data-id=\"4474a88\" data-element_type=\"column\">\n\t\t\t<div class=\"elementor-widget-wrap elementor-element-populated\">\n\t\t\t\t\t\t\t\t<div class=\"elementor-element elementor-element-98af5bd elementor-widget elementor-widget-text-editor\" data-id=\"98af5bd\" data-element_type=\"widget\" data-widget_type=\"text-editor.default\">\n\t\t\t\t<div class=\"elementor-widget-container\">\n\t\t\t\t\t\t\t<p>In Deutschland werden alle h\u00f6heren Bildungseinrichtungen unter dem Dachnamen \u201eHochschulen\u201c zusammengefasst. Diese lassen sich jedoch weiter unterteilen in Universit\u00e4t und Fachhochschule (University of Applied Sciences). Dar\u00fcber hinaus wird die Fachhochschule im allgemeinen Sprachgebrauch als \u201eHochschule\u201c bezeichnet.\u00a0<span style=\"font-size: 14px;\">Deutsche Universit\u00e4ten konzentrieren sich haupts\u00e4chlich auf die traditionelle Hochschulbildung und bieten ein breites Spektrum an Disziplinen an. Dar\u00fcber hinaus handelt es sich um theoriebasierte und forschungsorientierte Institutionen. Abgesehen von einem Praktikum, legen sie nicht so viel Wert auf praktische Erfahrungen.\u00a0<\/span><span style=\"font-size: 14px;\">Die Hochschule bietet speziellere, auf den Arbeitsmarkt ausgerichtete Studieng\u00e4nge an. Au\u00dferdem besteht eine enge Beziehung zwischen dem Bildungssystem und dem Arbeitsmarkt. Zus\u00e4tzlich ist ihre Zahl im Vergleich zu Universit\u00e4ten fast doppelt so hoch. Die Studierenden haben somit die M\u00f6glichkeit, relevante Erfahrungen und Kenntnisse \u00fcber den Unternehmensmarkt zu erwerben.<\/span><\/p><p>Die Studiendauer an einer Hochschule ist festgelegt. F\u00fcr einen Bachelor-Abschluss dauert es beispielsweise 3\u20133,5 Jahre, also 6\u20137 Semester. Zudem betr\u00e4gt die Dauer eines Masterstudiums in der Regel 1,5\u20132 Jahre, was sich auf 3\u20134 Semester aufrunden l\u00e4sst. Jedoch ist es entmutigend, nach Abschluss eines Masterstudiums, an der Hochschule die Zulassung zu einem Doktorandenprogramm zu erhalten. Die Zulassung ist mit einem Abitur oder einem gleichwertigen Abschluss (Fachabitur) m\u00f6glich. F\u00fcr einige Hochschulen hat das Fachabitur eine gr\u00f6\u00dfere Bedeutung. Einige Bewerber ben\u00f6tigen m\u00f6glicherweise Berufserfahrung, bevor sie sich an einer Hochschule bewerben k\u00f6nnen. Jede Hochschule verf\u00fcgt \u00fcber eine starke Verbindung zu Unternehmen. Daher ist der Studiengang darauf ausgelegt, den Studierenden praktische Kenntnisse und Erfahrungen zu vermitteln. Hinzu kommt, dass jeder Student im Rahmen seines Lehrplans ein dreimonatiges Praktikum bei diesen Unternehmen absolvieren muss. Au\u00dferdem gelten die im Rahmen des Praktikums gesammelten Erfahrungen als Studienleistung. Manchmal m\u00fcssen Studenten ein ganzes Semester im Ausland verbringen. Die Hochschule bietet theoretischen Hintergrund und praktische Erfahrung im Berufsfeld.<\/p><p>\u00a0<\/p>\t\t\t\t\t\t<\/div>\n\t\t\t\t<\/div>\n\t\t\t\t\t<\/div>\n\t\t<\/div>\n\t\t\t\t<div class=\"elementor-column elementor-col-50 elementor-inner-column elementor-element elementor-element-8974a2a\" data-id=\"8974a2a\" data-element_type=\"column\">\n\t\t\t<div class=\"elementor-widget-wrap elementor-element-populated\">\n\t\t\t\t\t\t\t\t<div class=\"elementor-element elementor-element-02d9fc2 elementor-widget elementor-widget-text-editor\" data-id=\"02d9fc2\" data-element_type=\"widget\" data-widget_type=\"text-editor.default\">\n\t\t\t\t<div class=\"elementor-widget-container\">\n\t\t\t\t\t\t\t<p>Universit\u00e4ten auf der ganzen Welt bieten den Bachelor-, Master- und Doktorgrad.<\/p><p>Die Universit\u00e4t akzeptiert keinen Fachabitur-Abschluss, wobei das Abitur oder ein gleichwertiger Abschluss die Voraussetzung f\u00fcr eine Zulassung ist. Au\u00dferdem spielt die Berufserfahrung keine Rolle f\u00fcr die Aufnahme an einer Universit\u00e4t. Hier wird \u00fcberwiegend theoretisches Wissen vermittelt, wobei der Schwerpunkt auf der Forschungsarbeit liegt. Universit\u00e4ten bieten die Studieng\u00e4nge Informatik, Technik, Medizin, Mathematik und Ingenieurwissenschaften an. Ihre Lehrpl\u00e4ne erm\u00f6glichen jedoch ein Denken h\u00f6herer Ordnung und erleichterten so das Forschungsfeld. Ansonsten besteht f\u00fcr sie kein Zwang, wenn es um Praktika oder ein Auslandsstudium geht. Universit\u00e4ten nehmen ihre Forschung ernst, diese hat f\u00fcr sie Priorit\u00e4t. So engagiert sich die Dozentenschaft, neben den Vorlesungen, auch aktiv in der Forschung. Mittlerweile kommt die Finanzierung der Forschungsarbeiten von der Bundesregierung.<\/p>\t\t\t\t\t\t<\/div>\n\t\t\t\t<\/div>\n\t\t\t\t\t<\/div>\n\t\t<\/div>\n\t\t\t\t\t\t\t<\/div>\n\t\t<\/section>\n\t\t\t\t\t<\/div>\n\t\t<\/div>\n\t\t\t\t\t\t\t<\/div>\n\t\t<\/section>\n\t\t\t\t\t\t\t<\/div>\n\t\t","protected":false},"excerpt":{"rendered":"<p>Studium Hochschulen und Universit\u00e4ten In Deutschland werden alle h\u00f6heren Bildungseinrichtungen unter dem Dachnamen \u201eHochschulen\u201c zusammengefasst. Diese lassen sich jedoch weiter unterteilen in Universit\u00e4t und Fachhochschule (University of Applied Sciences). Dar\u00fcber hinaus wird die Fachhochschule im allgemeinen Sprachgebrauch als \u201eHochschule\u201c bezeichnet.\u00a0Deutsche Universit\u00e4ten konzentrieren sich haupts\u00e4chlich auf die traditionelle Hochschulbildung und bieten ein breites Spektrum an Disziplinen [&hellip;]<\/p>\n","protected":false},"author":1,"featured_media":0,"parent":0,"menu_order":0,"comment_status":"closed","ping_status":"closed","template":"","meta":{"_monsterinsights_skip_tracking":false,"_monsterinsights_sitenote_active":false,"_monsterinsights_sitenote_note":"","_monsterinsights_sitenote_category":0,"_uf_show_specific_survey":0,"_uf_disable_surveys":false,"footnotes":""},"aioseo_notices":[],"_links":{"self":[{"href":"https:\/\/roj-union.com\/index.php\/wp-json\/wp\/v2\/pages\/729"}],"collection":[{"href":"https:\/\/roj-union.com\/index.php\/wp-json\/wp\/v2\/pages"}],"about":[{"href":"https:\/\/roj-union.com\/index.php\/wp-json\/wp\/v2\/types\/page"}],"author":[{"embeddable":true,"href":"https:\/\/roj-union.com\/index.php\/wp-json\/wp\/v2\/users\/1"}],"replies":[{"embeddable":true,"href":"https:\/\/roj-union.com\/index.php\/wp-json\/wp\/v2\/comments?post=729"}],"version-history":[{"count":4,"href":"https:\/\/roj-union.com\/index.php\/wp-json\/wp\/v2\/pages\/729\/revisions"}],"predecessor-version":[{"id":734,"href":"https:\/\/roj-union.com\/index.php\/wp-json\/wp\/v2\/pages\/729\/revisions\/734"}],"wp:attachment":[{"href":"https:\/\/roj-union.com\/index.php\/wp-json\/wp\/v2\/media?parent=729"}],"curies":[{"name":"wp","href":"https:\/\/api.w.org\/{rel}","templated":true}]}}