{"id":693,"date":"2023-05-31T15:16:56","date_gmt":"2023-05-31T15:16:56","guid":{"rendered":"https:\/\/roj-union.com\/?page_id=693"},"modified":"2023-05-31T15:33:38","modified_gmt":"2023-05-31T15:33:38","slug":"die-meder","status":"publish","type":"page","link":"https:\/\/roj-union.com\/index.php\/die-meder\/","title":{"rendered":"Die Meder"},"content":{"rendered":"\t\t<div data-elementor-type=\"wp-page\" data-elementor-id=\"693\" class=\"elementor elementor-693\">\n\t\t\t\t\t\t\t\t\t<section class=\"elementor-section elementor-top-section elementor-element elementor-element-880db48 elementor-section-height-min-height elementor-section-boxed elementor-section-height-default elementor-section-items-middle\" data-id=\"880db48\" data-element_type=\"section\">\n\t\t\t\t\t\t\t<div class=\"elementor-background-overlay\"><\/div>\n\t\t\t\t\t\t\t<div class=\"elementor-container elementor-column-gap-default\">\n\t\t\t\t\t<div class=\"elementor-column elementor-col-100 elementor-top-column elementor-element elementor-element-221af0c\" data-id=\"221af0c\" data-element_type=\"column\" data-settings=\"{&quot;background_background&quot;:&quot;classic&quot;}\">\n\t\t\t<div class=\"elementor-widget-wrap elementor-element-populated\">\n\t\t\t\t\t\t\t\t<div class=\"elementor-element elementor-element-0163295 elementor-invisible elementor-widget elementor-widget-heading\" data-id=\"0163295\" data-element_type=\"widget\" data-settings=\"{&quot;_animation&quot;:&quot;fadeIn&quot;}\" data-widget_type=\"heading.default\">\n\t\t\t\t<div class=\"elementor-widget-container\">\n\t\t\t<style>\/*! elementor - v3.18.0 - 08-12-2023 *\/\n.elementor-heading-title{padding:0;margin:0;line-height:1}.elementor-widget-heading .elementor-heading-title[class*=elementor-size-]>a{color:inherit;font-size:inherit;line-height:inherit}.elementor-widget-heading .elementor-heading-title.elementor-size-small{font-size:15px}.elementor-widget-heading .elementor-heading-title.elementor-size-medium{font-size:19px}.elementor-widget-heading .elementor-heading-title.elementor-size-large{font-size:29px}.elementor-widget-heading .elementor-heading-title.elementor-size-xl{font-size:39px}.elementor-widget-heading .elementor-heading-title.elementor-size-xxl{font-size:59px}<\/style><h1 class=\"elementor-heading-title elementor-size-default\">Urv\u00f6lker, Ahnen und Vorfahren\n<\/h1>\t\t<\/div>\n\t\t\t\t<\/div>\n\t\t\t\t\t<\/div>\n\t\t<\/div>\n\t\t\t\t\t\t\t<\/div>\n\t\t<\/section>\n\t\t\t\t<section class=\"elementor-section elementor-top-section elementor-element elementor-element-ed278fa elementor-section-stretched elementor-section-boxed elementor-section-height-default elementor-section-height-default\" data-id=\"ed278fa\" data-element_type=\"section\" data-settings=\"{&quot;stretch_section&quot;:&quot;section-stretched&quot;,&quot;background_background&quot;:&quot;classic&quot;}\">\n\t\t\t\t\t\t<div class=\"elementor-container elementor-column-gap-default\">\n\t\t\t\t\t<div class=\"elementor-column elementor-col-100 elementor-top-column elementor-element elementor-element-7d2827e\" data-id=\"7d2827e\" data-element_type=\"column\">\n\t\t\t<div class=\"elementor-widget-wrap elementor-element-populated\">\n\t\t\t\t\t\t\t\t<div class=\"elementor-element elementor-element-4a4e35b elementor-widget elementor-widget-spacer\" data-id=\"4a4e35b\" data-element_type=\"widget\" data-widget_type=\"spacer.default\">\n\t\t\t\t<div class=\"elementor-widget-container\">\n\t\t\t<style>\/*! elementor - v3.18.0 - 08-12-2023 *\/\n.elementor-column .elementor-spacer-inner{height:var(--spacer-size)}.e-con{--container-widget-width:100%}.e-con-inner>.elementor-widget-spacer,.e-con>.elementor-widget-spacer{width:var(--container-widget-width,var(--spacer-size));--align-self:var(--container-widget-align-self,initial);--flex-shrink:0}.e-con-inner>.elementor-widget-spacer>.elementor-widget-container,.e-con>.elementor-widget-spacer>.elementor-widget-container{height:100%;width:100%}.e-con-inner>.elementor-widget-spacer>.elementor-widget-container>.elementor-spacer,.e-con>.elementor-widget-spacer>.elementor-widget-container>.elementor-spacer{height:100%}.e-con-inner>.elementor-widget-spacer>.elementor-widget-container>.elementor-spacer>.elementor-spacer-inner,.e-con>.elementor-widget-spacer>.elementor-widget-container>.elementor-spacer>.elementor-spacer-inner{height:var(--container-widget-height,var(--spacer-size))}.e-con-inner>.elementor-widget-spacer.elementor-widget-empty,.e-con>.elementor-widget-spacer.elementor-widget-empty{position:relative;min-height:22px;min-width:22px}.e-con-inner>.elementor-widget-spacer.elementor-widget-empty .elementor-widget-empty-icon,.e-con>.elementor-widget-spacer.elementor-widget-empty .elementor-widget-empty-icon{position:absolute;top:0;bottom:0;left:0;right:0;margin:auto;padding:0;width:22px;height:22px}<\/style>\t\t<div class=\"elementor-spacer\">\n\t\t\t<div class=\"elementor-spacer-inner\"><\/div>\n\t\t<\/div>\n\t\t\t\t<\/div>\n\t\t\t\t<\/div>\n\t\t\t\t<div class=\"elementor-element elementor-element-889ab57 animated-fast elementor-invisible elementor-widget elementor-widget-heading\" data-id=\"889ab57\" data-element_type=\"widget\" data-settings=\"{&quot;_animation&quot;:&quot;slideInUp&quot;}\" data-widget_type=\"heading.default\">\n\t\t\t\t<div class=\"elementor-widget-container\">\n\t\t\t<h3 class=\"elementor-heading-title elementor-size-default\">Die Meder<\/h3>\t\t<\/div>\n\t\t\t\t<\/div>\n\t\t\t\t<div class=\"elementor-element elementor-element-80567e8 elementor-widget elementor-widget-text-editor\" data-id=\"80567e8\" data-element_type=\"widget\" data-widget_type=\"text-editor.default\">\n\t\t\t\t<div class=\"elementor-widget-container\">\n\t\t\t<style>\/*! elementor - v3.18.0 - 08-12-2023 *\/\n.elementor-widget-text-editor.elementor-drop-cap-view-stacked .elementor-drop-cap{background-color:#69727d;color:#fff}.elementor-widget-text-editor.elementor-drop-cap-view-framed .elementor-drop-cap{color:#69727d;border:3px solid;background-color:transparent}.elementor-widget-text-editor:not(.elementor-drop-cap-view-default) .elementor-drop-cap{margin-top:8px}.elementor-widget-text-editor:not(.elementor-drop-cap-view-default) .elementor-drop-cap-letter{width:1em;height:1em}.elementor-widget-text-editor .elementor-drop-cap{float:left;text-align:center;line-height:1;font-size:50px}.elementor-widget-text-editor .elementor-drop-cap-letter{display:inline-block}<\/style>\t\t\t\t\t\t\t\t\t\t<\/div>\n\t\t\t\t<\/div>\n\t\t\t\t\t<\/div>\n\t\t<\/div>\n\t\t\t\t\t\t\t<\/div>\n\t\t<\/section>\n\t\t\t\t<section class=\"elementor-section elementor-top-section elementor-element elementor-element-6ff586e elementor-section-boxed elementor-section-height-default elementor-section-height-default\" data-id=\"6ff586e\" data-element_type=\"section\" data-settings=\"{&quot;background_background&quot;:&quot;classic&quot;}\">\n\t\t\t\t\t\t<div class=\"elementor-container elementor-column-gap-default\">\n\t\t\t\t\t<div class=\"elementor-column elementor-col-100 elementor-top-column elementor-element elementor-element-db9f872\" data-id=\"db9f872\" data-element_type=\"column\">\n\t\t\t<div class=\"elementor-widget-wrap elementor-element-populated\">\n\t\t\t\t\t\t\t\t<section class=\"elementor-section elementor-inner-section elementor-element elementor-element-f6a90e8 elementor-section-boxed elementor-section-height-default elementor-section-height-default\" data-id=\"f6a90e8\" data-element_type=\"section\">\n\t\t\t\t\t\t<div class=\"elementor-container elementor-column-gap-default\">\n\t\t\t\t\t<div class=\"elementor-column elementor-col-50 elementor-inner-column elementor-element elementor-element-e06d1d9\" data-id=\"e06d1d9\" data-element_type=\"column\">\n\t\t\t<div class=\"elementor-widget-wrap elementor-element-populated\">\n\t\t\t\t\t\t\t\t<div class=\"elementor-element elementor-element-a2cfbd6 elementor-widget elementor-widget-text-editor\" data-id=\"a2cfbd6\" data-element_type=\"widget\" data-widget_type=\"text-editor.default\">\n\t\t\t\t<div class=\"elementor-widget-container\">\n\t\t\t\t\t\t\t<p>Die Meder geh\u00f6rten zu den indoeurop\u00e4ischen V\u00f6l- kern und sprachen eine indoeurop\u00e4ische Sprache. Sie wanderten zu Beginn des zweiten Jahrtausends vor Christus aus dem \u00f6stlichen Schwarzen Meer in die Gebiete ein, die sich von Kurdistan bis Indien erstreck- ten. Die erste Erw\u00e4hnung der Meder findet sich in den Aufzeichnungen der Assyrer war 835 vor Christus, w\u00e4hrend der Herrschaft des assyrischen K\u00f6nigs Shalma- nesar III.<\/p>\n<p>Der griechische Historiker Herodot erkl\u00e4rte, dass die Meder aus sechs V\u00f6lkerschaften zusammengesetzt wa- ren: Buser, Paretakener, Struchaten, Arizanter, Budier und Mager. Herodot gab diesen V\u00f6lkerschaften den Namen &#8222;Arier&#8220;. Der Historiker Mohamed Amin Zaki glaubt, dass diese Volksgruppe mit hoher Wahrschein- lichkeit aus mehreren V\u00f6lkerschaften wie den Lulubi, Gutians, Guti, Kassiten, Elamiter, Subartu, Chalybes, Mittani, Hurriter und Nairi bestanden. Nach Ibn Khal- dun stammen die Kurden von den Medern ab. In seinem Buch \u201eThe History of Iran&#8220; stellt Hassan Pirnia fest, dass die Meder zu den arischen V\u00f6lkern geh\u00f6ren und Vor- fahren der Kurden sind. Ihre Sprache ist die gleiche wie die der Kurden. Deiokes war der Gr\u00fcnder und der erste K\u00f6nig der Meder.<\/p>\n<p>Wir schlie\u00dfen daraus, dass das kurdische Volk von zwei Volksgruppen abstammte. Die erste Gruppe ist in Kur- distan seit Anbeginn der Geschichte als \u201eV\u00f6lker der Berge von Zagros&#8220; bekannt. Sie ist nicht indoeurop\u00e4ischer Abstammung und geh\u00f6rt zu den uralten, urspr\u00fcnglichen V\u00f6lkern Kurdistans, wie beispielsweise Lulubi, Gutians, Guti, Kassiten, Elamiter, Subartu, Chalybes, Mittani, Hurriter und Nairi .<\/p>\n<p>Die zweite Gruppe sind die indoeurop\u00e4ischen V\u00f6lker, wie die Meder und die Cardochians, die im 10. Jahrhun- dert vor Christus nach Kurdistan emigrierten, es mit ihren indigenen V\u00f6lkern besiedelten und sich mit den in- digenen V\u00f6lkern (den V\u00f6lkern des Zagros-Gebirges) zu einer kurdischen Nation zusammenschlossen.&nbsp;<\/p>\t\t\t\t\t\t<\/div>\n\t\t\t\t<\/div>\n\t\t\t\t\t<\/div>\n\t\t<\/div>\n\t\t\t\t<div class=\"elementor-column elementor-col-50 elementor-inner-column elementor-element elementor-element-e09c734\" data-id=\"e09c734\" data-element_type=\"column\">\n\t\t\t<div class=\"elementor-widget-wrap elementor-element-populated\">\n\t\t\t\t\t\t\t\t<div class=\"elementor-element elementor-element-ae8339d elementor-widget elementor-widget-text-editor\" data-id=\"ae8339d\" data-element_type=\"widget\" data-widget_type=\"text-editor.default\">\n\t\t\t\t<div class=\"elementor-widget-container\">\n\t\t\t\t\t\t\t<p>Das Medien oder Media-Imperium ist eines der gro\u00dfen Imperien der antiken Geschichte, dass im heutigen Kur- distan gegr\u00fcndet wurde und eine wichtige Rolle bei der Entwicklung der menschlichen Zivilisation in der, bei den alten Griechen als Mesopotamien bekannten Region, spielte.<\/p><p>Das Zentrum dieses gro\u00dfen Reiches befand sich in der heutigen Stadt Hamadan im Iran, welche die Heimat der Faili und der lurischen Kurden ist. Hieran erkennt man, dass die Verbindung der Urspr\u00fcnge von Faili und Luren zum kurdischen Volk tief in der Geschichte selbst verankert ist. Medien befanden sich zwischen Afghanistan im Osten und dem Mittelmeer im Westen, den Gebieten von Kaukasien und des Aras-Flusses im Norden und des Persischen Golfes im S\u00fcden .<\/p><p>\u00a0<\/p><p>Der Name der Hauptstadt, \u201eH\u00eagmetane\u201c, bedeutet der Ort des Treffens in kurdischer Sprache. Sie wurde je- doch in den meisten Aufzeichnungen als \u201eEkbatana&#8220; bezeichnet. Dieser Name wurde von den Griechen ge- geben und in griechischen Schriften genutzt. Arch\u00e4olo- gen gelang es, die Stadt zu finden und auszugraben. Es ist eine riesige Stadt mit einzigartiger Architektur. Die Stadt ist umgeben von sieben hohen Mauern und einer breiten, monolithischen Mauer.<\/p><p>Die Meder traten zur zoroastrischen Religion \u00fcber und konnten 612 vor Christus die assyrische Hauptstadt Ninive zerst\u00f6ren. Dieses Ereignis l\u00f6ste Angst in den Herzen der Babylonier aus, die die Vers\u00f6hnung mit den Medern initiierten, indem der babylonische K\u00f6nig Nebuchadnezzar II die Tochter des medesischen Kaisers heiratete. Der Einfluss der Meder blieb in der Region be- stehen, bis der persische K\u00f6nig Kyros gegen die Meder rebellierte und einen gro\u00dfen Sieg \u00fcber sie erlangte.<\/p><p>Es l\u00e4sst sich also behaupten, dass die Meder eine der Wurzeln des kurdischen Volkes sind. Dies l\u00e4sst sich noch mit der Nationalhymne der Kurden unterstrei- chen, in der ein deutliches Signal daf\u00fcr besteht, dass die Kurden &#8222;S\u00f6hne der Meder&#8220; sind.<\/p>\t\t\t\t\t\t<\/div>\n\t\t\t\t<\/div>\n\t\t\t\t\t<\/div>\n\t\t<\/div>\n\t\t\t\t\t\t\t<\/div>\n\t\t<\/section>\n\t\t\t\t\t<\/div>\n\t\t<\/div>\n\t\t\t\t\t\t\t<\/div>\n\t\t<\/section>\n\t\t\t\t\t\t\t<\/div>\n\t\t","protected":false},"excerpt":{"rendered":"<p>Urv\u00f6lker, Ahnen und Vorfahren Die Meder Die Meder geh\u00f6rten zu den indoeurop\u00e4ischen V\u00f6l- kern und sprachen eine indoeurop\u00e4ische Sprache. Sie wanderten zu Beginn des zweiten Jahrtausends vor Christus aus dem \u00f6stlichen Schwarzen Meer in die Gebiete ein, die sich von Kurdistan bis Indien erstreck- ten. Die erste Erw\u00e4hnung der Meder findet sich in den Aufzeichnungen [&hellip;]<\/p>\n","protected":false},"author":1,"featured_media":0,"parent":0,"menu_order":0,"comment_status":"closed","ping_status":"closed","template":"","meta":{"_monsterinsights_skip_tracking":false,"_monsterinsights_sitenote_active":false,"_monsterinsights_sitenote_note":"","_monsterinsights_sitenote_category":0,"_uf_show_specific_survey":0,"_uf_disable_surveys":false,"footnotes":""},"aioseo_notices":[],"_links":{"self":[{"href":"https:\/\/roj-union.com\/index.php\/wp-json\/wp\/v2\/pages\/693"}],"collection":[{"href":"https:\/\/roj-union.com\/index.php\/wp-json\/wp\/v2\/pages"}],"about":[{"href":"https:\/\/roj-union.com\/index.php\/wp-json\/wp\/v2\/types\/page"}],"author":[{"embeddable":true,"href":"https:\/\/roj-union.com\/index.php\/wp-json\/wp\/v2\/users\/1"}],"replies":[{"embeddable":true,"href":"https:\/\/roj-union.com\/index.php\/wp-json\/wp\/v2\/comments?post=693"}],"version-history":[{"count":5,"href":"https:\/\/roj-union.com\/index.php\/wp-json\/wp\/v2\/pages\/693\/revisions"}],"predecessor-version":[{"id":709,"href":"https:\/\/roj-union.com\/index.php\/wp-json\/wp\/v2\/pages\/693\/revisions\/709"}],"wp:attachment":[{"href":"https:\/\/roj-union.com\/index.php\/wp-json\/wp\/v2\/media?parent=693"}],"curies":[{"name":"wp","href":"https:\/\/api.w.org\/{rel}","templated":true}]}}

<div data-elementor-type="wp-page" data-elementor-id="693" class="elementor elementor-693">
									<section class="elementor-section elementor-top-section elementor-element elementor-element-880db48 elementor-section-height-min-height elementor-section-boxed elementor-section-height-default elementor-section-items-middle" data-id="880db48" data-element_type="section">
							<div class="elementor-background-overlay"></div>
							<div class="elementor-container elementor-column-gap-default">
					<div class="elementor-column elementor-col-100 elementor-top-column elementor-element elementor-element-221af0c" data-id="221af0c" data-element_type="column" data-settings="{&quot;background_background&quot;:&quot;classic&quot;}">
			<div class="elementor-widget-wrap elementor-element-populated">
								<div class="elementor-element elementor-element-0163295 elementor-invisible elementor-widget elementor-widget-heading" data-id="0163295" data-element_type="widget" data-settings="{&quot;_animation&quot;:&quot;fadeIn&quot;}" data-widget_type="heading.default">
				<div class="elementor-widget-container">
			<style>/*! elementor - v3.18.0 - 08-12-2023 */
.elementor-heading-title{padding:0;margin:0;line-height:1}.elementor-widget-heading .elementor-heading-title[class*=elementor-size-]>a{color:inherit;font-size:inherit;line-height:inherit}.elementor-widget-heading .elementor-heading-title.elementor-size-small{font-size:15px}.elementor-widget-heading .elementor-heading-title.elementor-size-medium{font-size:19px}.elementor-widget-heading .elementor-heading-title.elementor-size-large{font-size:29px}.elementor-widget-heading .elementor-heading-title.elementor-size-xl{font-size:39px}.elementor-widget-heading .elementor-heading-title.elementor-size-xxl{font-size:59px}</style><h1 class="elementor-heading-title elementor-size-default">Urvölker, Ahnen und Vorfahren
</h1>		</div>
				</div>
					</div>
		</div>
							</div>
		</section>
				<section class="elementor-section elementor-top-section elementor-element elementor-element-ed278fa elementor-section-stretched elementor-section-boxed elementor-section-height-default elementor-section-height-default" data-id="ed278fa" data-element_type="section" data-settings="{&quot;stretch_section&quot;:&quot;section-stretched&quot;,&quot;background_background&quot;:&quot;classic&quot;}">
						<div class="elementor-container elementor-column-gap-default">
					<div class="elementor-column elementor-col-100 elementor-top-column elementor-element elementor-element-7d2827e" data-id="7d2827e" data-element_type="column">
			<div class="elementor-widget-wrap elementor-element-populated">
								<div class="elementor-element elementor-element-4a4e35b elementor-widget elementor-widget-spacer" data-id="4a4e35b" data-element_type="widget" data-widget_type="spacer.default">
				<div class="elementor-widget-container">
			<style>/*! elementor - v3.18.0 - 08-12-2023 */
.elementor-column .elementor-spacer-inner{height:var(--spacer-size)}.e-con{--container-widget-width:100%}.e-con-inner>.elementor-widget-spacer,.e-con>.elementor-widget-spacer{width:var(--container-widget-width,var(--spacer-size));--align-self:var(--container-widget-align-self,initial);--flex-shrink:0}.e-con-inner>.elementor-widget-spacer>.elementor-widget-container,.e-con>.elementor-widget-spacer>.elementor-widget-container{height:100%;width:100%}.e-con-inner>.elementor-widget-spacer>.elementor-widget-container>.elementor-spacer,.e-con>.elementor-widget-spacer>.elementor-widget-container>.elementor-spacer{height:100%}.e-con-inner>.elementor-widget-spacer>.elementor-widget-container>.elementor-spacer>.elementor-spacer-inner,.e-con>.elementor-widget-spacer>.elementor-widget-container>.elementor-spacer>.elementor-spacer-inner{height:var(--container-widget-height,var(--spacer-size))}.e-con-inner>.elementor-widget-spacer.elementor-widget-empty,.e-con>.elementor-widget-spacer.elementor-widget-empty{position:relative;min-height:22px;min-width:22px}.e-con-inner>.elementor-widget-spacer.elementor-widget-empty .elementor-widget-empty-icon,.e-con>.elementor-widget-spacer.elementor-widget-empty .elementor-widget-empty-icon{position:absolute;top:0;bottom:0;left:0;right:0;margin:auto;padding:0;width:22px;height:22px}</style>		<div class="elementor-spacer">
			<div class="elementor-spacer-inner"></div>
		</div>
				</div>
				</div>
				<div class="elementor-element elementor-element-889ab57 animated-fast elementor-invisible elementor-widget elementor-widget-heading" data-id="889ab57" data-element_type="widget" data-settings="{&quot;_animation&quot;:&quot;slideInUp&quot;}" data-widget_type="heading.default">
				<div class="elementor-widget-container">
			<h3 class="elementor-heading-title elementor-size-default">Die Meder</h3>		</div>
				</div>
				<div class="elementor-element elementor-element-80567e8 elementor-widget elementor-widget-text-editor" data-id="80567e8" data-element_type="widget" data-widget_type="text-editor.default">
				<div class="elementor-widget-container">
			<style>/*! elementor - v3.18.0 - 08-12-2023 */
.elementor-widget-text-editor.elementor-drop-cap-view-stacked .elementor-drop-cap{background-color:#69727d;color:#fff}.elementor-widget-text-editor.elementor-drop-cap-view-framed .elementor-drop-cap{color:#69727d;border:3px solid;background-color:transparent}.elementor-widget-text-editor:not(.elementor-drop-cap-view-default) .elementor-drop-cap{margin-top:8px}.elementor-widget-text-editor:not(.elementor-drop-cap-view-default) .elementor-drop-cap-letter{width:1em;height:1em}.elementor-widget-text-editor .elementor-drop-cap{float:left;text-align:center;line-height:1;font-size:50px}.elementor-widget-text-editor .elementor-drop-cap-letter{display:inline-block}</style>										</div>
				</div>
					</div>
		</div>
							</div>
		</section>
				<section class="elementor-section elementor-top-section elementor-element elementor-element-6ff586e elementor-section-boxed elementor-section-height-default elementor-section-height-default" data-id="6ff586e" data-element_type="section" data-settings="{&quot;background_background&quot;:&quot;classic&quot;}">
						<div class="elementor-container elementor-column-gap-default">
					<div class="elementor-column elementor-col-100 elementor-top-column elementor-element elementor-element-db9f872" data-id="db9f872" data-element_type="column">
			<div class="elementor-widget-wrap elementor-element-populated">
								<section class="elementor-section elementor-inner-section elementor-element elementor-element-f6a90e8 elementor-section-boxed elementor-section-height-default elementor-section-height-default" data-id="f6a90e8" data-element_type="section">
						<div class="elementor-container elementor-column-gap-default">
					<div class="elementor-column elementor-col-50 elementor-inner-column elementor-element elementor-element-e06d1d9" data-id="e06d1d9" data-element_type="column">
			<div class="elementor-widget-wrap elementor-element-populated">
								<div class="elementor-element elementor-element-a2cfbd6 elementor-widget elementor-widget-text-editor" data-id="a2cfbd6" data-element_type="widget" data-widget_type="text-editor.default">
				<div class="elementor-widget-container">
							<p>Die Meder gehörten zu den indoeuropäischen Völ- kern und sprachen eine indoeuropäische Sprache. Sie wanderten zu Beginn des zweiten Jahrtausends vor Christus aus dem östlichen Schwarzen Meer in die Gebiete ein, die sich von Kurdistan bis Indien erstreck- ten. Die erste Erwähnung der Meder findet sich in den Aufzeichnungen der Assyrer war 835 vor Christus, während der Herrschaft des assyrischen Königs Shalma- nesar III.</p>
<p>Der griechische Historiker Herodot erklärte, dass die Meder aus sechs Völkerschaften zusammengesetzt wa- ren: Buser, Paretakener, Struchaten, Arizanter, Budier und Mager. Herodot gab diesen Völkerschaften den Namen &#8222;Arier&#8220;. Der Historiker Mohamed Amin Zaki glaubt, dass diese Volksgruppe mit hoher Wahrschein- lichkeit aus mehreren Völkerschaften wie den Lulubi, Gutians, Guti, Kassiten, Elamiter, Subartu, Chalybes, Mittani, Hurriter und Nairi bestanden. Nach Ibn Khal- dun stammen die Kurden von den Medern ab. In seinem Buch „The History of Iran&#8220; stellt Hassan Pirnia fest, dass die Meder zu den arischen Völkern gehören und Vor- fahren der Kurden sind. Ihre Sprache ist die gleiche wie die der Kurden. Deiokes war der Gründer und der erste König der Meder.</p>
<p>Wir schließen daraus, dass das kurdische Volk von zwei Volksgruppen abstammte. Die erste Gruppe ist in Kur- distan seit Anbeginn der Geschichte als „Völker der Berge von Zagros&#8220; bekannt. Sie ist nicht indoeuropäischer Abstammung und gehört zu den uralten, ursprünglichen Völkern Kurdistans, wie beispielsweise Lulubi, Gutians, Guti, Kassiten, Elamiter, Subartu, Chalybes, Mittani, Hurriter und Nairi .</p>
<p>Die zweite Gruppe sind die indoeuropäischen Völker, wie die Meder und die Cardochians, die im 10. Jahrhun- dert vor Christus nach Kurdistan emigrierten, es mit ihren indigenen Völkern besiedelten und sich mit den in- digenen Völkern (den Völkern des Zagros-Gebirges) zu einer kurdischen Nation zusammenschlossen.&nbsp;</p>						</div>
				</div>
					</div>
		</div>
				<div class="elementor-column elementor-col-50 elementor-inner-column elementor-element elementor-element-e09c734" data-id="e09c734" data-element_type="column">
			<div class="elementor-widget-wrap elementor-element-populated">
								<div class="elementor-element elementor-element-ae8339d elementor-widget elementor-widget-text-editor" data-id="ae8339d" data-element_type="widget" data-widget_type="text-editor.default">
				<div class="elementor-widget-container">
							<p>Das Medien oder Media-Imperium ist eines der großen Imperien der antiken Geschichte, dass im heutigen Kur- distan gegründet wurde und eine wichtige Rolle bei der Entwicklung der menschlichen Zivilisation in der, bei den alten Griechen als Mesopotamien bekannten Region, spielte.</p><p>Das Zentrum dieses großen Reiches befand sich in der heutigen Stadt Hamadan im Iran, welche die Heimat der Faili und der lurischen Kurden ist. Hieran erkennt man, dass die Verbindung der Ursprünge von Faili und Luren zum kurdischen Volk tief in der Geschichte selbst verankert ist. Medien befanden sich zwischen Afghanistan im Osten und dem Mittelmeer im Westen, den Gebieten von Kaukasien und des Aras-Flusses im Norden und des Persischen Golfes im Süden .</p><p> </p><p>Der Name der Hauptstadt, „Hêgmetane“, bedeutet der Ort des Treffens in kurdischer Sprache. Sie wurde je- doch in den meisten Aufzeichnungen als „Ekbatana&#8220; bezeichnet. Dieser Name wurde von den Griechen ge- geben und in griechischen Schriften genutzt. Archäolo- gen gelang es, die Stadt zu finden und auszugraben. Es ist eine riesige Stadt mit einzigartiger Architektur. Die Stadt ist umgeben von sieben hohen Mauern und einer breiten, monolithischen Mauer.</p><p>Die Meder traten zur zoroastrischen Religion über und konnten 612 vor Christus die assyrische Hauptstadt Ninive zerstören. Dieses Ereignis löste Angst in den Herzen der Babylonier aus, die die Versöhnung mit den Medern initiierten, indem der babylonische König Nebuchadnezzar II die Tochter des medesischen Kaisers heiratete. Der Einfluss der Meder blieb in der Region be- stehen, bis der persische König Kyros gegen die Meder rebellierte und einen großen Sieg über sie erlangte.</p><p>Es lässt sich also behaupten, dass die Meder eine der Wurzeln des kurdischen Volkes sind. Dies lässt sich noch mit der Nationalhymne der Kurden unterstrei- chen, in der ein deutliches Signal dafür besteht, dass die Kurden &#8222;Söhne der Meder&#8220; sind.</p>						</div>
				</div>
					</div>
		</div>
							</div>
		</section>
					</div>
		</div>
							</div>
		</section>
							</div>

<p>Urvölker, Ahnen und Vorfahren Die Meder Die Meder gehörten zu den indoeuropäischen Völ- kern und sprachen eine indoeuropäische Sprache. Sie wanderten zu Beginn des zweiten Jahrtausends vor Christus aus dem östlichen Schwarzen Meer in die Gebiete ein, die sich von Kurdistan bis Indien erstreck- ten. Die erste Erwähnung der Meder findet sich in den Aufzeichnungen [&hellip;]</p>
