{"id":462,"date":"2023-05-06T17:20:53","date_gmt":"2023-05-06T17:20:53","guid":{"rendered":"https:\/\/roj-union.com\/?page_id=462"},"modified":"2023-05-07T21:08:25","modified_gmt":"2023-05-07T21:08:25","slug":"staedte","status":"publish","type":"page","link":"https:\/\/roj-union.com\/index.php\/staedte\/","title":{"rendered":"Afrin"},"content":{"rendered":"\t\t<div data-elementor-type=\"wp-page\" data-elementor-id=\"462\" class=\"elementor elementor-462\">\n\t\t\t\t\t\t\t\t\t<section class=\"elementor-section elementor-top-section elementor-element elementor-element-00aeedd elementor-section-height-min-height elementor-section-boxed elementor-section-height-default elementor-section-items-middle\" data-id=\"00aeedd\" data-element_type=\"section\">\n\t\t\t\t\t\t\t<div class=\"elementor-background-overlay\"><\/div>\n\t\t\t\t\t\t\t<div class=\"elementor-container elementor-column-gap-default\">\n\t\t\t\t\t<div class=\"elementor-column elementor-col-100 elementor-top-column elementor-element elementor-element-7e8e429\" data-id=\"7e8e429\" data-element_type=\"column\" data-settings=\"{&quot;background_background&quot;:&quot;classic&quot;}\">\n\t\t\t<div class=\"elementor-widget-wrap elementor-element-populated\">\n\t\t\t\t\t\t\t\t<div class=\"elementor-element elementor-element-ae7f4fa elementor-invisible elementor-widget elementor-widget-heading\" data-id=\"ae7f4fa\" data-element_type=\"widget\" data-settings=\"{&quot;_animation&quot;:&quot;fadeIn&quot;}\" data-widget_type=\"heading.default\">\n\t\t\t\t<div class=\"elementor-widget-container\">\n\t\t\t<style>\/*! elementor - v3.18.0 - 08-12-2023 *\/\n.elementor-heading-title{padding:0;margin:0;line-height:1}.elementor-widget-heading .elementor-heading-title[class*=elementor-size-]>a{color:inherit;font-size:inherit;line-height:inherit}.elementor-widget-heading .elementor-heading-title.elementor-size-small{font-size:15px}.elementor-widget-heading .elementor-heading-title.elementor-size-medium{font-size:19px}.elementor-widget-heading .elementor-heading-title.elementor-size-large{font-size:29px}.elementor-widget-heading .elementor-heading-title.elementor-size-xl{font-size:39px}.elementor-widget-heading .elementor-heading-title.elementor-size-xxl{font-size:59px}<\/style><h1 class=\"elementor-heading-title elementor-size-default\">St\u00e4dte<\/h1>\t\t<\/div>\n\t\t\t\t<\/div>\n\t\t\t\t\t<\/div>\n\t\t<\/div>\n\t\t\t\t\t\t\t<\/div>\n\t\t<\/section>\n\t\t\t\t<section class=\"elementor-section elementor-top-section elementor-element elementor-element-a95a420 elementor-section-stretched elementor-section-boxed elementor-section-height-default elementor-section-height-default\" data-id=\"a95a420\" data-element_type=\"section\" data-settings=\"{&quot;stretch_section&quot;:&quot;section-stretched&quot;,&quot;background_background&quot;:&quot;classic&quot;}\">\n\t\t\t\t\t\t<div class=\"elementor-container elementor-column-gap-default\">\n\t\t\t\t\t<div class=\"elementor-column elementor-col-100 elementor-top-column elementor-element elementor-element-f0fd043\" data-id=\"f0fd043\" data-element_type=\"column\">\n\t\t\t<div class=\"elementor-widget-wrap elementor-element-populated\">\n\t\t\t\t\t\t\t\t<div class=\"elementor-element elementor-element-98d0bf8 elementor-widget elementor-widget-spacer\" data-id=\"98d0bf8\" data-element_type=\"widget\" data-widget_type=\"spacer.default\">\n\t\t\t\t<div class=\"elementor-widget-container\">\n\t\t\t<style>\/*! elementor - v3.18.0 - 08-12-2023 *\/\n.elementor-column .elementor-spacer-inner{height:var(--spacer-size)}.e-con{--container-widget-width:100%}.e-con-inner>.elementor-widget-spacer,.e-con>.elementor-widget-spacer{width:var(--container-widget-width,var(--spacer-size));--align-self:var(--container-widget-align-self,initial);--flex-shrink:0}.e-con-inner>.elementor-widget-spacer>.elementor-widget-container,.e-con>.elementor-widget-spacer>.elementor-widget-container{height:100%;width:100%}.e-con-inner>.elementor-widget-spacer>.elementor-widget-container>.elementor-spacer,.e-con>.elementor-widget-spacer>.elementor-widget-container>.elementor-spacer{height:100%}.e-con-inner>.elementor-widget-spacer>.elementor-widget-container>.elementor-spacer>.elementor-spacer-inner,.e-con>.elementor-widget-spacer>.elementor-widget-container>.elementor-spacer>.elementor-spacer-inner{height:var(--container-widget-height,var(--spacer-size))}.e-con-inner>.elementor-widget-spacer.elementor-widget-empty,.e-con>.elementor-widget-spacer.elementor-widget-empty{position:relative;min-height:22px;min-width:22px}.e-con-inner>.elementor-widget-spacer.elementor-widget-empty .elementor-widget-empty-icon,.e-con>.elementor-widget-spacer.elementor-widget-empty .elementor-widget-empty-icon{position:absolute;top:0;bottom:0;left:0;right:0;margin:auto;padding:0;width:22px;height:22px}<\/style>\t\t<div class=\"elementor-spacer\">\n\t\t\t<div class=\"elementor-spacer-inner\"><\/div>\n\t\t<\/div>\n\t\t\t\t<\/div>\n\t\t\t\t<\/div>\n\t\t\t\t<div class=\"elementor-element elementor-element-14ec02f animated-fast elementor-invisible elementor-widget elementor-widget-heading\" data-id=\"14ec02f\" data-element_type=\"widget\" data-settings=\"{&quot;_animation&quot;:&quot;slideInUp&quot;}\" data-widget_type=\"heading.default\">\n\t\t\t\t<div class=\"elementor-widget-container\">\n\t\t\t<h3 class=\"elementor-heading-title elementor-size-default\">Afrin<\/h3>\t\t<\/div>\n\t\t\t\t<\/div>\n\t\t\t\t<div class=\"elementor-element elementor-element-020afb1 elementor-widget elementor-widget-text-editor\" data-id=\"020afb1\" data-element_type=\"widget\" data-widget_type=\"text-editor.default\">\n\t\t\t\t<div class=\"elementor-widget-container\">\n\t\t\t<style>\/*! elementor - v3.18.0 - 08-12-2023 *\/\n.elementor-widget-text-editor.elementor-drop-cap-view-stacked .elementor-drop-cap{background-color:#69727d;color:#fff}.elementor-widget-text-editor.elementor-drop-cap-view-framed .elementor-drop-cap{color:#69727d;border:3px solid;background-color:transparent}.elementor-widget-text-editor:not(.elementor-drop-cap-view-default) .elementor-drop-cap{margin-top:8px}.elementor-widget-text-editor:not(.elementor-drop-cap-view-default) .elementor-drop-cap-letter{width:1em;height:1em}.elementor-widget-text-editor .elementor-drop-cap{float:left;text-align:center;line-height:1;font-size:50px}.elementor-widget-text-editor .elementor-drop-cap-letter{display:inline-block}<\/style>\t\t\t\t\t\t\t\t\t\t<\/div>\n\t\t\t\t<\/div>\n\t\t\t\t\t<\/div>\n\t\t<\/div>\n\t\t\t\t\t\t\t<\/div>\n\t\t<\/section>\n\t\t\t\t<section class=\"elementor-section elementor-top-section elementor-element elementor-element-dfb652e elementor-section-boxed elementor-section-height-default elementor-section-height-default\" data-id=\"dfb652e\" data-element_type=\"section\" data-settings=\"{&quot;background_background&quot;:&quot;classic&quot;}\">\n\t\t\t\t\t\t<div class=\"elementor-container elementor-column-gap-default\">\n\t\t\t\t\t<div class=\"elementor-column elementor-col-100 elementor-top-column elementor-element elementor-element-b2c3138\" data-id=\"b2c3138\" data-element_type=\"column\">\n\t\t\t<div class=\"elementor-widget-wrap elementor-element-populated\">\n\t\t\t\t\t\t\t\t<section class=\"elementor-section elementor-inner-section elementor-element elementor-element-72be2e3 elementor-section-boxed elementor-section-height-default elementor-section-height-default\" data-id=\"72be2e3\" data-element_type=\"section\">\n\t\t\t\t\t\t<div class=\"elementor-container elementor-column-gap-default\">\n\t\t\t\t\t<div class=\"elementor-column elementor-col-50 elementor-inner-column elementor-element elementor-element-1bde5bb\" data-id=\"1bde5bb\" data-element_type=\"column\">\n\t\t\t<div class=\"elementor-widget-wrap elementor-element-populated\">\n\t\t\t\t\t\t\t\t<div class=\"elementor-element elementor-element-7cd01a2 elementor-widget elementor-widget-text-editor\" data-id=\"7cd01a2\" data-element_type=\"widget\" data-widget_type=\"text-editor.default\">\n\t\t\t\t<div class=\"elementor-widget-container\">\n\t\t\t\t\t\t\t<p>Der urspr\u00fcngliche Name von Afrin war &#8222;\u00c7iyay\u00ea Kurm\u00eanc&#8220;, was auf Kurdisch \u201eDer Berg der Kurden&#8220; bedeutet. Diese Bezeichnung entstand, da alle dortigen Einwohner Kurden waren. Der Name ist erwiesenerma\u00dfen in vielen osmanischen Dokumenten niedergeschrieben. Nach der franz\u00f6sischen Eroberung vom n\u00f6rdlichen Gebiet des Mittelmeers im Jahre 1920 wurde das Gebiet von &#8222;\u00c7iyay\u00ea Kurm\u00eanc&#8220; in zwei Verwaltungszonen aufgeteilt. Die erste Zone war unter franz\u00f6sischer Verwaltung, w\u00e4hrend die zweite unter t\u00fcrkische Verwaltung fiel. Afrin liegt s\u00fcdwestlich Kurdistans, im heutigen Nordwesten von Syrien. Nach dem Ende des ersten Weltkriegs 1916 und dem Zusammenbruch des osmanischen Reiches wurde das Sykes-Picot-Abkommen beschlossen; demnach geh\u00f6rte Afrin zu der Provinz von Aleppo. Afrin Stadt befindet sich etwa 63 km nordwestlich von Aleppo . Zur der Region von Afrin geh\u00f6ren sechs Landkreise: (Cindir\u00eas, Mabeta, Reco, \u015eiy\u00ea, Bilbil\u00ea und \u015eera) sowie rund 366 kleine D\u00f6rfer. Von Osten nach Westen hat Afrin etwa eine Breite von 55km und von Norden nach S\u00fcden eine L\u00e4nge von etwa 75km. Somit spannt sich das Gebiet \u00fcber circa 3850km2, was 2% der Gesamtfl\u00e4che des Landes ausmacht. Die Einwohnerzahl Afrins wird auf 800.000 gesch\u00e4tzt, wovon 98% Kurden und 2% Araber sind. Die Provinz Afrin zeichnet sich durch ein besonders vielf\u00e4ltiges und friedliches Zusammenleben diverser Kulturen aus, denn hier leben unterschiedliche ethnische und religi\u00f6se Gruppen wie Muslime, Alawiten, Jesiden und Christen, die sich alle als Kurden bekennen, Seite an Seite. Afrin ist reich an alten Kulturdenkmalen und alte Zivilisationen und Kaiserreiche verweisen. Historische Dokumente und Forschungsergebnisse best\u00e4tigen, dass die Ureinwohner Afrins Hurriter und Mittanien waren, welche alte Zagros V\u00f6lker sind (die Urahnen der Kurden). Au\u00dferdem tauchen andere Spuren der Hethiter in Afrin auf, welche eng mit der Hurrietisch-Mittanischen Zivilisation sowie den V\u00f6lkern von Alalach verbunden sind. Das Mausoleum des Nebi Huri (Kyrrohs), Ain Dara, die Dederiyeh-H\u00f6hle, das Siman Kloster (historisches <span style=\"font-size: 14px;\">Kirchengeb\u00e4ude) und weitere Kulturdenkmale entlang des Gebiets der toten St\u00e4dte im Norden des heutigen Syriens, z\u00e4hlen zu den historischen Sch\u00e4tzen Afrins und deuten auf die Signifikanz der Provinz hin. Sie liegen entlang des Bergs von Lelun und der vielen R\u00f6merbr\u00fccken und der &#8222;Heredere&#8220; Br\u00fccke, welche von Deutschland vor dem ersten Weltkrieg gebaut wurde.<\/span><\/p>\t\t\t\t\t\t<\/div>\n\t\t\t\t<\/div>\n\t\t\t\t\t<\/div>\n\t\t<\/div>\n\t\t\t\t<div class=\"elementor-column elementor-col-50 elementor-inner-column elementor-element elementor-element-dd5fad7\" data-id=\"dd5fad7\" data-element_type=\"column\">\n\t\t\t<div class=\"elementor-widget-wrap elementor-element-populated\">\n\t\t\t\t\t\t\t\t<div class=\"elementor-element elementor-element-7f677db elementor-widget elementor-widget-text-editor\" data-id=\"7f677db\" data-element_type=\"widget\" data-widget_type=\"text-editor.default\">\n\t\t\t\t<div class=\"elementor-widget-container\">\n\t\t\t\t\t\t\t<p style=\"text-align: left;\">Geographisch betrachtet liegt die Provinz von Afrin auf einem H\u00fcgel 700 bis 1269 Meter \u00fcber dem Meeresspiegel. Das dortige Relief zeichnet sich durch seine besonderen H\u00f6hen und Tiefen aus. Die Gebirge von Hawar und Lelun neben dem Gebirge von Schak\u00b4ka z\u00e4hlen zu den charakteristischen Merkmalen der Region. Die dort herrschenden klimatischen Bedingungen beg\u00fcnstigen die Landwirtschaft, denn die Provinz ist reich an vielen Gew\u00e4ssern und Fl\u00fcssen, wovon die nat\u00fcrliche Flora, die als die gr\u00f6\u00dfte Aleppos gilt, sowie die malerischen W\u00e4lder stark profitieren. Der bekannteste Fluss in der Region ist der Afrin Fluss . Der Fluss hat von seiner aus Quelle eine Gesamtl\u00e4nge von 149km, wovon etwa 75km L\u00e4nge durch Afrin verl\u00e4uft. Somit flie\u00dft circa 50% des Flusses durch Afrin. Die Landwirtschaft spielt eine zentrale Rolle in Afrin und ist eine charakteristische Eigenschaft der Stadt. Vor allem der Anbau von Olivenb\u00e4umen ist charakteristisch f\u00fcr die gesamten Region. Sch\u00e4tzungen zufolge gibt es mehr als 15 Millionen Olivenb\u00e4ume in der Region Afrin . Der gro\u00dfe Anbau von Olivenb\u00e4umen bringt viele Industrien mit sich, wie zum Beispiel die Produktion von Oliven\u00f6l und Oliven\u00f6lseifen. Diese Produkte sind zum Hauptmerkmal der Stadt geworden. Die Stadt Afrin hat im Laufe ihrer Geschichte viele Reiche und Monarchien erlebt, allerdings hat sie ihre eigenen kulturelle und gesellschaftliche Pr\u00e4gung erhalten. Im 19. Jahrhundert wurde die osmanische Macht auf Syrien zentriert und auf Kosten der eigenen Autonomie etabliert, was zu Aufl\u00f6sung der \u00f6rtlichen F\u00fchrerschaften und einer Entstehung einer neuen, aristokratischen Klasse f\u00fchrte. Dadurch verlor die alte traditionelle F\u00fchrerschaft ihren Einfluss und ein Freiraum f\u00fcr neue Sippen entstand. Somit verschwanden die alten gesellschaftlichen<span style=\"font-size: 14px;\">\u00a0Strukturen. Eine Wandlung von einer famili\u00e4ren Gesellschaftsform zu einer eher aristokratischen Struktur der Gesellschaft fand statt. Dieser Zustand blieb bis in die 1960er Jarhren bestehen, bis das Feudalsystem in der Provinz an Macht verlor und infolgedessen beendet war. Die Stadt Afrin blieb trotz des B\u00fcrgerkriegs anfangs 2011 eine sch\u00f6ne, ruhige Stadt fern vom Elend und den Schrecken des Krieges. Die alten historischen Denkmale\u00a0<\/span><span style=\"font-size: 14px;\">wurden jedoch nicht vom Krieg verschont und wurden teilweise zerst\u00f6rt. Ebenso wurde aufgrund der t\u00fcrkischen Invasion in Afrin und die benachbarten D\u00f6rfer im Januar 2018 mit Hilfe von syrischen Oppositionstruppen die Gesellschaftsform massiv deformiert und die Gesellschaftsstruktur stark demographisch ver\u00e4ndert. Der Milit\u00e4roffensive hatte fatale Folgen f\u00fcr die Stadt und ihre Einwohner.<\/span><\/p>\t\t\t\t\t\t<\/div>\n\t\t\t\t<\/div>\n\t\t\t\t\t<\/div>\n\t\t<\/div>\n\t\t\t\t\t\t\t<\/div>\n\t\t<\/section>\n\t\t\t\t\t<\/div>\n\t\t<\/div>\n\t\t\t\t\t\t\t<\/div>\n\t\t<\/section>\n\t\t\t\t\t\t\t<\/div>\n\t\t","protected":false},"excerpt":{"rendered":"<p>St\u00e4dte Afrin Der urspr\u00fcngliche Name von Afrin war &#8222;\u00c7iyay\u00ea Kurm\u00eanc&#8220;, was auf Kurdisch \u201eDer Berg der Kurden&#8220; bedeutet. Diese Bezeichnung entstand, da alle dortigen Einwohner Kurden waren. Der Name ist erwiesenerma\u00dfen in vielen osmanischen Dokumenten niedergeschrieben. Nach der franz\u00f6sischen Eroberung vom n\u00f6rdlichen Gebiet des Mittelmeers im Jahre 1920 wurde das Gebiet von &#8222;\u00c7iyay\u00ea Kurm\u00eanc&#8220; in [&hellip;]<\/p>\n","protected":false},"author":1,"featured_media":0,"parent":0,"menu_order":0,"comment_status":"closed","ping_status":"closed","template":"","meta":{"_monsterinsights_skip_tracking":false,"_monsterinsights_sitenote_active":false,"_monsterinsights_sitenote_note":"","_monsterinsights_sitenote_category":0,"_uf_show_specific_survey":0,"_uf_disable_surveys":false,"footnotes":""},"aioseo_notices":[],"_links":{"self":[{"href":"https:\/\/roj-union.com\/index.php\/wp-json\/wp\/v2\/pages\/462"}],"collection":[{"href":"https:\/\/roj-union.com\/index.php\/wp-json\/wp\/v2\/pages"}],"about":[{"href":"https:\/\/roj-union.com\/index.php\/wp-json\/wp\/v2\/types\/page"}],"author":[{"embeddable":true,"href":"https:\/\/roj-union.com\/index.php\/wp-json\/wp\/v2\/users\/1"}],"replies":[{"embeddable":true,"href":"https:\/\/roj-union.com\/index.php\/wp-json\/wp\/v2\/comments?post=462"}],"version-history":[{"count":19,"href":"https:\/\/roj-union.com\/index.php\/wp-json\/wp\/v2\/pages\/462\/revisions"}],"predecessor-version":[{"id":611,"href":"https:\/\/roj-union.com\/index.php\/wp-json\/wp\/v2\/pages\/462\/revisions\/611"}],"wp:attachment":[{"href":"https:\/\/roj-union.com\/index.php\/wp-json\/wp\/v2\/media?parent=462"}],"curies":[{"name":"wp","href":"https:\/\/api.w.org\/{rel}","templated":true}]}}